((-10588)/6)/(k/(-6) - -4) composite?
False
Suppose 22121 = 4*y - 855. Let j = y + 826. Is j/25 - (-2)/10 composite?
False
Let v(a) = -15*a + 80. Let k be v(5). Suppose -z - 11*d + 1257 = -9*d, -k*z + 6296 = -d. Is z composite?
False
Let c(r) = 7*r**3 + 19*r**2 - 81*r - 45. Is c(28) a composite number?
False
Let s(j) = 115711*j + 927. Is s(32) prime?
False
Let a = -44 + 52. Suppose -29*l + 25*l = -a. Is (-1)/1 + ((-952)/l)/(-4) composite?
True
Let c(d) = 50*d**3 + 4*d**2 + d + 9. Let t(y) = -y**3 + 10*y**2 - 12*y + 31. Let l be t(9). Is c(l) a composite number?
True
Let j = 11423 + 89010. Is j a prime number?
False
Let q = 6583 - 6320. Is q prime?
True
Is (1152047/(-39) - -10)*-3 a prime number?
True
Let w(b) = 4*b + 18. Let q be w(0). Let f be (4906/66)/(2/q). Suppose -290 - f = -z. Is z a prime number?
False
Let a(d) = 279*d**3 + 3*d**2 - 2. Suppose 0 = -9*y + 6*y - 3. Let f be a(y). Is (f/(-10))/(7/35) a prime number?
True
Let a(x) = -208*x**3 + x**2 - 11*x - 35. Suppose 0 = 4*w - 2*t + 18, -3*w + 7 = 4*t + 4. Is a(w) prime?
True
Let z be (19 - 18)/((-7)/4 + 2). Suppose -3*k - 2756 = -4*i, -2756 = -z*i + 3*k - 8*k. Is i prime?
False
Let f be 57/51 + -1 - 2240/544. Is 222357/18 - f/(-24) prime?
False
Suppose -374*r + 75615039 = -131*r. Is r a composite number?
False
Let t(j) = 250*j**2 + 513*j - 101. Is t(-50) composite?
True
Suppose -2*u - 25 = -65. Suppose 7*q - u*q + 53339 = 0. Is q prime?
False
Let b = 157318 + 151987. Is b composite?
True
Let q(b) = -931*b + 19. Let t be q(-1). Let k = t - -39. Is k prime?
False
Let t(r) = -621*r**2 - 1. Let c be t(1). Let b = 327 - c. Is b prime?
False
Let q = 609 + -604. Suppose 0 = 5*p + 4*g - q*g - 97659, -3*p = g - 58589. Is p a prime number?
True
Let s(n) = 16*n - 22. Let h(f) = -4*f - 1. Let j be h(-6). Suppose -7 = 3*i + p - j, -p + 1 = 0. Is s(i) prime?
False
Let x be -6 - -3 - (1 + 52). Let z = 160 - x. Let f = 593 + z. Is f prime?
True
Let v(c) = 37*c + 21. Let z be v(-29). Let i = z - -1639. Is i prime?
True
Let a = -288 + 1271. Let q = 8422 - a. Is q a composite number?
True
Suppose 47929 + 18211 = 5*t. Suppose -t + 3400 = -9*k. Suppose -8*a = -212 - k. Is a prime?
True
Let q(s) = 9*s**3 + 3*s**2 + 18*s - 74. Is q(10) prime?
False
Suppose -49 = 9*l - 2*l. Let d be 338/7 - 2*(-1)/l. Let h = d + 469. Is h a prime number?
False
Suppose -198827 - 256697 = -13*n - 143433. Is n prime?
True
Suppose 425298 = -4*x - 5*v + 1694538, -2*v - 317323 = -x. Is x composite?
True
Suppose 2*w + 1476*q = 1472*q + 56934, -5*w - 5*q = -142300. Is w composite?
True
Suppose 6*d - 4*d - 541712 = 2*t, -5*t - 3*d = 1354320. Is t/(-15) + (-88)/(-55) a prime number?
True
Let b be 357/(-49) - 8/(-28). Let l(y) = 46*y**2 - 8*y - 3. Is l(b) prime?
False
Suppose -1262915 = -38*m + 1219587. Is m composite?
True
Let s(v) = -40*v - 2. Let j(a) = -121*a - 5. Let g(k) = 4*j(k) - 11*s(k). Let z be g(1). Let f = 91 + z. Is f composite?
True
Let g = 498296 - 238269. Is g a prime number?
False
Let p = -3700258 - -5226255. Is p composite?
True
Suppose -30*y = -35*y. Suppose -f = 5*d - 10798, 0 = 2*d - y*d - 2*f - 4312. Is d prime?
False
Let d be (-36200)/(-56) + 18/(-42). Suppose 650*v - 11612 = d*v. Is v a composite number?
False
Let s = -188 + 133. Let u = -88 - -27. Let l = s - u. Is l a composite number?
True
Is (-14 + 16)*(3 + -1 - (2 + -145207)) a prime number?
False
Let l(s) = -18*s - 1. Let h be l(1). Let c = -22 - h. Is (c/3)/((-8)/17336) a composite number?
True
Let g be (1/(-3))/((-4 - -8)/232536). Let k = g - -31043. Is k a prime number?
False
Let j(m) = -84*m - 23. Let c be j(11). Let r be 4/(-14) + (c/(-7) - -6). Let h = r - 88. Is h a prime number?
True
Is (-14)/49 - (-135)/7 prime?
True
Let s = -11589 + 18495. Suppose 4 - 1 = q, 4*z = q + 13. Suppose z*o + s = 10*o. Is o prime?
True
Let k(f) = 233*f**2 + 4901*f - 247. Is k(-118) composite?
False
Let n(q) = 5*q + 2. Let x be n(1). Suppose -d + 1206 = a, -11*a = -x*a - 2*d - 4794. Is a prime?
True
Let d(i) = -639*i - 285. Let m be d(-14). Let n = m + -5734. Is n a prime number?
True
Let s be (-15)/5*-1 - 3. Suppose -9*q + 24661 + 21356 = s. Is q composite?
False
Suppose -19*m = -43233 + 502. Suppose -4*h = -m - 7995. Is h composite?
True
Let a = -638 - -726. Suppose -4*b + a = -5668. Is b composite?
False
Suppose y + 2*z = -y + 880, -2*y = -2*z - 900. Suppose 0 = -2*w - w. Suppose w = -3*v - 2*v + y. Is v prime?
True
Let q = -34814 + 109599. Is q a composite number?
True
Let r(i) = -i**3 + 10*i**2 - 2*i + 21. Let j be r(10). Suppose -58*u = -59*u - j. Let p(l) = -138*l**3 + 2*l**2 + 3*l + 2. Is p(u) prime?
True
Let h = -10787 - -15710. Let b = h - 3485. Suppose 2*p + 0*p = b. Is p composite?
False
Let i be 1 + 5 + -7 + 13 + -7. Suppose 0 = 4*j + 2*y - 4, -5*j + 2*j = -y - 8. Suppose 3*h + j*n - 1231 = 0, -3*h + i*n = -2*h - 433. Is h a composite number?
True
Let x = 278 + -275. Is (-95070)/(-105) + x/(-7) composite?
True
Let u(t) = 34*t**2 + 11. Let r be u(9). Suppose 0 = 4*l - 3*l - r. Suppose 8*o - l = o. Is o a composite number?
True
Let x = 267842 + -140643. Is x a prime number?
False
Suppose -3*g + 175729 = -4*i, -4*g = -4*i - 95154 - 139146. Is g prime?
False
Let c = 279 + -7596. Let d = -2090 - c. Is d prime?
True
Suppose -3*a - 266986 = -5*m, 2*m + 4190 = -5*a + 110941. Is m a composite number?
True
Is (1/((-16)/14648))/(-2 + 3138/1572) a composite number?
True
Is (1062515/4 + 1)/(87/1624*14) prime?
False
Let s = 1 + 3. Suppose 0 = z + s*q - 2*q - 313, -4*q + 947 = 3*z. Let x = 772 - z. Is x a prime number?
False
Let z = 182 - 54. Let g = 18322 + -18320. Is (0 + 58)/(z/(-68) + g) prime?
False
Let k be ((-3)/(-12))/((-1)/(-8)). Let o be k/(-7) + (446964/49)/6. Suppose -o + 7292 = 12*x. Is x a prime number?
False
Suppose -5*o + 4*u - 40 = -117, -70 = -4*o - u. Suppose 2*t + h = 31826, -4*h - 1 = -o. Is t prime?
False
Let u(l) = 2*l**3 + 2*l**2 + l + 1. Let j be u(-1). Suppose j*n = -2*n + 4*s + 3050, 0 = -5*s + 15. Is n prime?
True
Let l(v) = 166*v + 5. Let g(t) be the second derivative of 55*t**3/2 + 3*t**2 + 30*t. Let m(i) = 4*g(i) - 5*l(i). Is m(-4) composite?
True
Suppose -3*b - 3*f + 2*f = -7069, -9418 = -4*b - 5*f. Is b a prime number?
True
Suppose 6*t = 4*t + 22. Let i(x) = 337*x - 22. Let f be i(t). Let c = 1096 + f. Is c a prime number?
False
Suppose -4*a + a - 22 = -4*t, a + 2 = -4*t. Is -4 - (14202/12)/9*a a prime number?
False
Let s be (-2)/(-8) - (-375)/100. Suppose -2*r + l + 42757 = -0*l, 0 = -s*r + 5*l + 85523. Is r composite?
False
Suppose z = 2*k - 9, 4*k - 4*z - 12 = 4. Suppose -2*v + 3198 = -4*w, -8*v - 7980 = -13*v - k*w. Is v composite?
False
Let l(w) = -2*w**3 + 5*w**2 + 4*w - 4. Let o(h) = -h**3 + 2*h**2 + 4*h - 6. Let z be (60/(-45))/(8/(-18)). Let k be o(z). Is l(k) composite?
False
Suppose -9*m - 135113 + 257277 = -241967. Is m a prime number?
True
Is (-5 + (-3660993)/36)/((-12)/32) prime?
False
Let r(i) = -50*i + 22. Let d be r(0). Suppose -d*s + 13169 = -21*s + 5*y, -6 = -3*y. Is s a prime number?
True
Suppose -3*n - 228 = -4*y, 0 = -3*y - 0*n - 5*n + 142. Let h = -19 + y. Suppose -5*k + 44 + h = 4*v, -k + 31 = -3*v. Is k a composite number?
False
Suppose -62 = 10*w - 42. Let s(g) = -3848*g - 27. Is s(w) a prime number?
True
Let x(n) = -29*n**2 + 63*n**2 - 33*n**2 - 11*n + 15 + 7*n**3. Let m be x(6). Suppose -u + 6*l = 2*l - m, 2*l = -4*u + 5988. Is u prime?
False
Suppose -4*o - 4*h + 92315 = -755777, h = 5*o - 1060151. Is o composite?
False
Let h be 47/2 - 1/2. Let n(k) = 4*k**2 + 78*k + 74. Let a be n(-24). Let b = h + a. Is b composite?
True
Let t(b) = -b**3 - 29*b**2 + 359*b - 110. Is t(-51) prime?
True
Let a(r) = -307 + 118*r**3 + 307 + 2*r**2 - r. Is a(1) prime?
False
Let y(q) = -3793*q + 1716. Is y(-19) a prime number?
True
Suppose -3*y - 2*k + k + 170 = 0, -3*k + 104 = 2*y. Suppose 26 = 14*s - y. Suppose 0*r = -s*r + 1266. Is r a composite number?
False
Suppose -3*h + 35 = 5*y, y = 4*y - 3*h - 45. Suppose 0*b - 2 = 5*p + b, 4*b = -2*p + y. Let z(t) = 80*t**2 + 5*t + 4. Is z(p) composite?
False
Let u(d) = -5*d**2 - 819*d - 261. Is u(-116) a prime number?
False
Suppose -21*w + 21979467 = 60*w + 126*w. Is w a prime number?
True
Suppose w = 4*v - 379706 + 20567, 179569 = 2*v - w. Is v composite?
True
Let b = 41910 - -70249. I